e -538 - 92 = -7*r. Let h = r - 35. List the prime factors of h.
5, 11
Let b(g) = -17*g. Let o be b(-4). Let u = o + -132. What are the prime factors of (-2)/(-2)*u/(-4)?
2
Suppose -9*a = -6*a - 81. What are the prime factors of a?
3
Let d = 5 + 38. Suppose -4*t = r - 21 - d, 4*t - 3*r - 48 = 0. What are the prime factors of t?
3, 5
Let d(y) = 10*y**2 - 2*y + 5. List the prime factors of d(-3).
101
Let m be -2*(-2)/(-4) - -2. Let p = m + 4. Suppose -p*d + 15 = -2*d. What are the prime factors of d?
5
Let l(b) = b**3 + 6*b**2 - 8*b + 4. Let q be l(-6). Suppose 5*w = 43 + q. List the prime factors of w.
19
Suppose 0 = 2*i - 0*c + 2*c - 134, -68 = -i - 2*c. Let p = i - 190. List the prime factors of p/(-10) + 4/(-10).
2, 3
Suppose -3*f = -2*o + 5, -5*o - f - 3*f = -24. Suppose 3*p - o*t = 68, p + 5*t - 3 = 7. List the prime factors of p.
2, 5
What are the prime factors of ((-3)/(-2))/(36/2760)?
5, 23
Suppose -4*a + 0*z = -4*z - 48, -5*z = -3*a + 42. Let v(u) = u - 1. List the prime factors of v(a).
2
Suppose 15 = 3*r, -s - 260 = -4*s - 4*r. What are the prime factors of s?
2, 5
Suppose 0 = -0*z - 3*z. What are the prime factors of -7*(z/3 + -1)?
7
Suppose 4*t - 4*k - 8 = 0, -6*t + 2*t + k = -14. Let x = 21 - 14. Let l = x - t. List the prime factors of l.
3
Let x = -9 - -13. Suppose x*g + 4 = 20. Let d = -2 + g. List the prime factors of d.
2
Suppose 0 = 2*k - 5*k + 42. Suppose -z - 2*z - k = -5*o, 2*o = z + 6. Let c = 14 - o. What are the prime factors of c?
2, 5
Let t(b) = 5*b - 1. Suppose -2*i = -6, 2*q - 2*i - 6 = -0*q. What are the prime factors of t(q)?
29
Suppose -5*g + 56 + 54 = 0. What are the prime factors of g?
2, 11
Let u = -17 - -52. Suppose -2*a - u = -7*a. What are the prime factors of a?
7
Let d = 15 + 4. List the prime factors of d.
19
Let v(u) = 4*u - 2. List the prime factors of v(10).
2, 19
Let l = -640 + 901. What are the prime factors of l?
3, 29
Suppose -2 = 4*n + 10. Let p = -9 + 18. Let c = n + p. What are the prime factors of c?
2, 3
What are the prime factors of 72/(-2)*(-5)/5?
2, 3
What are the prime factors of (2709/42)/((-2)/(-4))?
3, 43
List the prime factors of 5/(-30) + 362/12.
2, 3, 5
Let a(c) = -2*c**2 - 4*c + 1. Let q be a(-4). What are the prime factors of q/(-6)*(13 - 3)?
5
Let q be (28/(-6))/(10/(-15)). Let a(m) = m + 9. What are the prime factors of a(q)?
2
Let v(g) = -19*g + 7. Let k be v(6). Let a = -54 - k. Suppose y - 1 = -0*y - 3*j, -j = -5*y + a. What are the prime factors of y?
2, 5
Let a(p) = -p**2 - 20*p + 21. List the prime factors of a(-16).
5, 17
Let u = -9 + 9. List the prime factors of 29 - (u/4 + 4).
5
Let n = 213 - 138. What are the prime factors of n?
3, 5
Suppose 0 = 5*h - 6*h + 8. What are the prime factors of h?
2
Let d(o) = 5*o - 5. List the prime factors of d(5).
2, 5
Let n = -66 - -104. List the prime factors of n.
2, 19
Let l(g) = g**2 - 9*g + 11. Let c be l(8). Suppose -c*n - 11 = 4*i, 0*n + 2*n = -5*i - 19. List the prime factors of 1/(((-5)/4)/i).
2
Let b(t) = t - 1. Let o be b(-1). Let k = -28 + 11. List the prime factors of k/o - (-2)/(-4).
2
Let b(z) be the third derivative of z**4/3 + 2*z**3/3 - 3*z**2. Let q be b(3). Suppose 2*v + 4*y - q = 0, 5*v = -4*y + 50 + 26. List the prime factors of v.
2
Let p = 18 + -15. Suppose 3*o + p*q = 72, -5*o + 3*q + 127 = q. What are the prime factors of o?
5
Let a(x) be the third derivative of x**4/24 + x**3/2 + 2*x**2. Let q be a(-3). Suppose q = -5*m + 50 + 10. What are the prime factors of m?
2, 3
What are the prime factors of (581/(-14))/((-3)/12*2)?
83
Suppose 0 = 6*v - 948 - 1020. What are the prime factors of v?
2, 41
Let h(l) = -9*l + 39. List the prime factors of h(-12).
3, 7
Let j(h) = -h + 21. What are the prime factors of j(-15)?
2, 3
Let h = -47 - -21. Suppose -2*k = -k + 4*p + 52, 0 = 5*p + 20. Let l = h - k. List the prime factors of l.
2, 5
Suppose -13*m + 203 = -941. List the prime factors of m.
2, 11
Let o(h) = 11*h**2 + h + 3. List the prime factors of o(2).
7
Let q = 160 + -83. List the prime factors of q.
7, 11
Suppose -67 = -2*o - 3*v, -v + 4*v = -5*o + 181. Let n be (o/(-3))/(1/(-3)). Let q = 55 - n. What are the prime factors of q?
17
What are the prime factors of 1/3*42/7?
2
Let c(z) = -z + 4. Let w be c(0). Suppose -4*v + w*p = -2*v - 106, -2*p + 37 = v. What are the prime factors of v?
3, 5
Let d(n) = n**3 + 5*n**2 - 2*n - 4. Let f be d(-5). List the prime factors of ((-372)/36)/((-2)/f).
31
Let s(r) = r + 2 - 6*r + r**2 + 0. Let m be s(5). What are the prime factors of m + (-10)/(-1*2)?
7
Let k(v) be the first derivative of v**4/4 + 8*v**3/3 + 3*v**2 - v - 3. What are the prime factors of k(-7)?
2, 3
Suppose 0 = 4*p - 12, 279 = 3*i + 2*p - 5*p. What are the prime factors of i?
2, 3
Suppose 5*j + 7 - 57 = 0. Let u be 304/j + 2/(-5). Suppose 5*h + 0*h - 46 = -3*m, u = 4*h - m. List the prime factors of h.
2
Let u(a) = 6*a**2 - 6*a + 22. List the prime factors of u(6).
2, 101
Let x(m) = 7*m**3 + m**2 - m. Let f be x(1). Suppose a = f + 5. List the prime factors of a.
2, 3
Suppose 4*x + 4*c = 44, 3*c + 3 = -0*c. Suppose 5*h + x - 37 = 0. Suppose -23 = -4*p + g, 0*g + g = h*p - 29. List the prime factors of p.
2, 3
Let d(q) = 103*q**2 + 1. Let c be d(1). Let y be (-4)/18 - c/18. What are the prime factors of (-32)/y - (-1)/(-3)?
5
Let n = -11 - -10. Let i = n + 6. List the prime factors of i.
5
List the prime factors of (-34)/85 - 122/(-5).
2, 3
Suppose 0*j = -4*j + 20. Suppose -s + 5*v + 10 = v, j*s = -3*v + 4. List the prime factors of (9/s)/(12/16).
2, 3
Let g(n) = 9*n - 2. Let t(c) = -c**3 - 3*c**2 + 4. Let w be t(-3). List the prime factors of g(w).
2, 17
Let m = 3 - 1. Suppose 1 - 3 = -m*w. Let h = w - -3. List the prime factors of h.
2
Suppose -m = -0*m - 12. List the prime factors of m.
2, 3
Suppose 0 = -0*b - 4*b + 8. Suppose -2*z + b*h + 13 = -37, 0 = -5*z + 3*h + 135. Let u = z + -19. What are the prime factors of u?
11
Let q(h) = 2*h - 1. Let d be q(3). Suppose -d*v - 12 = -32. Suppose -10 = -w + v. What are the prime factors of w?
2, 7
Let m = 9 - 7. Suppose 5*q = -2*o + 6*q + 36, m*o - 3*q = 28. What are the prime factors of o?
2, 5
Let j(o) = -o**3 + 7. Suppose c = -4*c. Suppose 4*p - p = c. List the prime factors of j(p).
7
Let s(x) = -8 + x**2 - x**3 + 0*x**2 + 6*x**2. Let z be s(7). Let h = z - -17. What are the prime factors of h?
3
Let y be (45/(-6))/((-3)/6). Suppose -y = -2*r + 9. List the prime factors of r.
2, 3
Let p = 0 - -3. Let b = 22 + -10. Let h = b - p. What are the prime factors of h?
3
Let z(g) = g**3 + 12*g**2 - 17*g - 14. Let y be (-1610)/126 - 2/9. List the prime factors of z(y).
2, 19
Suppose -2*f + 0*f + 10 = 0. Suppose -58 - 2 = -f*p. What are the prime factors of p?
2, 3
Suppose -z + 3 = -0*z, 2*c + 25 = -5*z. Let o = 30 + c. List the prime factors of o.
2, 5
Suppose 5*s + 4*p = 460, -2*p = -3*s - p + 259. What are the prime factors of s?
2, 11
Let a(r) = r**2 - 2*r. Suppose 0*l = 5*l + 10. Let v be a(l). Let b = v - 1. What are the prime factors of b?
7
Let x be (-90)/8*48/12. List the prime factors of 4/(-6)*x/2.
3, 5
Let b(s) = s**2 + 9*s + 11. Let n be b(-8). Let r(p) = 6*p - p**2 + 3 + 1 - 8. What are the prime factors of r(n)?
5
Suppose 4 = -3*w - 2*a, 3*w - 5*a = 13 + 18. Let o(v) = 2*v + 1. Let p be o(w). Suppose m + 8 = -2*s + p*m, -10 = -2*s - 2*m. What are the prime factors of s?
2
Let n(w) = -w + 31. List the prime factors of n(0).
31
Let w(h) = -h**2 - 7*h - 6. Let l be w(-6). Suppose -j + 31 = -l*j. Suppose 3*r = -3*y - 7 + j, -4*y = -4*r - 32. List the prime factors of y.
2
List the prime factors of 129 + 2*(-4)/(-8).
2, 5, 13
What are the prime factors of (8 - 4) + (237/3 - 3)?
2, 5
Suppose 2*h = 5*h - 81. List the prime factors of h.
3
Suppose n - 82 = -n. List the prime factors of n.
41
Let n(a) = -a**3 - 2*a**2 + 6*a + 3. Let l be n(-5). Let s be 2/(-6)*(-1 + -8). Suppose s*g = 3*x + 24, -5*g - 3*x + 0*x = -l. List the prime factors of g.
3
Let h be 2/(-6) - 26/(-6). Suppose h*t = t + 18. What are the prime factors of t?
2, 3
Suppose 5*n - 14 = 3*n. Suppose 0 = l - 4*c + n, -3*c = -0*c - 12. What are the prime factors of (2 - 5)/((-3)/l)?
3
Suppose -5*u - 9 = p, -2*u - u + 45 = -5*p. Let y = p - -37. Suppose -z - y = -3*o, 3*z + 9 - 24 = 0. List the prime 